{"id":1468,"date":"2025-03-12T18:07:22","date_gmt":"2025-03-12T18:07:22","guid":{"rendered":"https:\/\/conalepags.edu.mx\/inicio\/?page_id=1468"},"modified":"2025-03-12T18:10:04","modified_gmt":"2025-03-12T18:10:04","slug":"capacitacion-laboral","status":"publish","type":"page","link":"https:\/\/conalepags.edu.mx\/inicio\/index.php\/capacitacion-laboral\/","title":{"rendered":"Capacitaci\u00f3n Laboral"},"content":{"rendered":"\t\t<div data-elementor-type=\"wp-page\" data-elementor-id=\"1468\" class=\"elementor elementor-1468\">\n\t\t\t\t<div class=\"elementor-element elementor-element-0e5dbb9 e-flex e-con-boxed e-con e-parent\" data-id=\"0e5dbb9\" data-element_type=\"container\" data-e-type=\"container\">\n\t\t\t\t\t<div class=\"e-con-inner\">\n\t\t\t\t<div class=\"elementor-element elementor-element-986d485 elementor-widget elementor-widget-text-editor\" data-id=\"986d485\" data-element_type=\"widget\" data-e-type=\"widget\" data-widget_type=\"text-editor.default\">\n\t\t\t\t<div class=\"elementor-widget-container\">\n\t\t\t\t\t\t\t\t\t<h3>CAPACITACION LABORAL<\/h3><h4>Objetivo<\/h4><div>\u00a0<\/div><p class=\"cvGsUA direction-ltr align-justify para-style-body\" style=\"text-align: justify;\"><span class=\"OYPEnA font-feature-liga-off font-feature-clig-off font-feature-calt-off text-decoration-none text-strikethrough-none\">Contribuir a elevar el nivel de conocimientos de los trabajadores y funcionarios de los sectores p\u00fablico, privado y social a trav\u00e9s de la capacitaci\u00f3n y con ello mejorar su productividad.<\/span><\/p><p class=\"cvGsUA direction-ltr align-justify para-style-body\" style=\"text-align: justify;\"><span class=\"OYPEnA font-feature-liga-off font-feature-clig-off font-feature-calt-off text-decoration-none text-strikethrough-none\">Coadyuvar al desarrollo del capital humano y con ello elevar el nivel de competitividad.<\/span><\/p>\t\t\t\t\t\t\t\t<\/div>\n\t\t\t\t<\/div>\n\t\t\t\t\t<\/div>\n\t\t\t\t<\/div>\n\t\t\t\t<\/div>\n\t\t","protected":false},"excerpt":{"rendered":"<p>CAPACITACION LABORAL Objetivo \u00a0 Contribuir a elevar el nivel de conocimientos de los trabajadores y funcionarios de los sectores p\u00fablico, privado y social a trav\u00e9s de la capacitaci\u00f3n y con ello mejorar su productividad. Coadyuvar al desarrollo del capital humano y con ello elevar el nivel de competitividad.<\/p>\n","protected":false},"author":1,"featured_media":0,"parent":0,"menu_order":0,"comment_status":"closed","ping_status":"closed","template":"","meta":{"_uag_custom_page_level_css":"","footnotes":""},"class_list":["post-1468","page","type-page","status-publish","hentry"],"uagb_featured_image_src":{"full":false,"thumbnail":false,"medium":false,"medium_large":false,"large":false,"1536x1536":false,"2048x2048":false},"uagb_author_info":{"display_name":"admin","author_link":"https:\/\/conalepags.edu.mx\/inicio\/index.php\/author\/admin_9j385v7b\/"},"uagb_comment_info":0,"uagb_excerpt":"CAPACITACION LABORAL Objetivo \u00a0 Contribuir a elevar el nivel de conocimientos de los trabajadores y funcionarios de los sectores p\u00fablico, privado y social a trav\u00e9s de la capacitaci\u00f3n y con ello mejorar su productividad. Coadyuvar al desarrollo del capital humano y con ello elevar el nivel de competitividad.","_links":{"self":[{"href":"https:\/\/conalepags.edu.mx\/inicio\/index.php\/wp-json\/wp\/v2\/pages\/1468","targetHints":{"allow":["GET"]}}],"collection":[{"href":"https:\/\/conalepags.edu.mx\/inicio\/index.php\/wp-json\/wp\/v2\/pages"}],"about":[{"href":"https:\/\/conalepags.edu.mx\/inicio\/index.php\/wp-json\/wp\/v2\/types\/page"}],"author":[{"embeddable":true,"href":"https:\/\/conalepags.edu.mx\/inicio\/index.php\/wp-json\/wp\/v2\/users\/1"}],"replies":[{"embeddable":true,"href":"https:\/\/conalepags.edu.mx\/inicio\/index.php\/wp-json\/wp\/v2\/comments?post=1468"}],"version-history":[{"count":3,"href":"https:\/\/conalepags.edu.mx\/inicio\/index.php\/wp-json\/wp\/v2\/pages\/1468\/revisions"}],"predecessor-version":[{"id":1472,"href":"https:\/\/conalepags.edu.mx\/inicio\/index.php\/wp-json\/wp\/v2\/pages\/1468\/revisions\/1472"}],"wp:attachment":[{"href":"https:\/\/conalepags.edu.mx\/inicio\/index.php\/wp-json\/wp\/v2\/media?parent=1468"}],"curies":[{"name":"wp","href":"https:\/\/api.w.org\/{rel}","templated":true}]}}

Capacitación Laboral

<div data-elementor-type="wp-page" data-elementor-id="1468" class="elementor elementor-1468">
				<div class="elementor-element elementor-element-0e5dbb9 e-flex e-con-boxed e-con e-parent" data-id="0e5dbb9" data-element_type="container" data-e-type="container">
					<div class="e-con-inner">
				<div class="elementor-element elementor-element-986d485 elementor-widget elementor-widget-text-editor" data-id="986d485" data-element_type="widget" data-e-type="widget" data-widget_type="text-editor.default">
				<div class="elementor-widget-container">
									<h3>CAPACITACION LABORAL</h3><h4>Objetivo</h4><div> </div><p class="cvGsUA direction-ltr align-justify para-style-body" style="text-align: justify;"><span class="OYPEnA font-feature-liga-off font-feature-clig-off font-feature-calt-off text-decoration-none text-strikethrough-none">Contribuir a elevar el nivel de conocimientos de los trabajadores y funcionarios de los sectores público, privado y social a través de la capacitación y con ello mejorar su productividad.</span></p><p class="cvGsUA direction-ltr align-justify para-style-body" style="text-align: justify;"><span class="OYPEnA font-feature-liga-off font-feature-clig-off font-feature-calt-off text-decoration-none text-strikethrough-none">Coadyuvar al desarrollo del capital humano y con ello elevar el nivel de competitividad.</span></p>								</div>
				</div>
					</div>
				</div>
				</div>

<p>CAPACITACION LABORAL Objetivo   Contribuir a elevar el nivel de conocimientos de los trabajadores y funcionarios de los sectores público, privado y social a través de la capacitación y con ello mejorar su productividad. Coadyuvar al desarrollo del capital humano y con ello elevar el nivel de competitividad.</p>

CAPACITACION LABORAL Objetivo   Contribuir a elevar el nivel de conocimientos de los trabajadores y funcionarios de los sectores público, privado y social a través de la capacitación y con ello mejorar su productividad. Coadyuvar al desarrollo del capital humano y con ello elevar el nivel de competitividad.
