{"id":747,"date":"2024-06-07T21:52:53","date_gmt":"2024-06-07T21:52:53","guid":{"rendered":"https:\/\/conalepags.edu.mx\/inicio\/?page_id=747"},"modified":"2024-06-10T13:41:23","modified_gmt":"2024-06-10T13:41:23","slug":"alumnos","status":"publish","type":"page","link":"https:\/\/conalepags.edu.mx\/inicio\/index.php\/alumnos\/","title":{"rendered":"Alumnos"},"content":{"rendered":"\t\t<div data-elementor-type=\"wp-page\" data-elementor-id=\"747\" class=\"elementor elementor-747\">\n\t\t\t\t<div class=\"elementor-element elementor-element-0d13e97 e-flex e-con-boxed e-con e-parent\" data-id=\"0d13e97\" data-element_type=\"container\" data-e-type=\"container\">\n\t\t\t\t\t<div class=\"e-con-inner\">\n\t\t\t\t<div class=\"elementor-element elementor-element-09c9bf1 elementor-widget elementor-widget-image\" data-id=\"09c9bf1\" data-element_type=\"widget\" data-e-type=\"widget\" data-widget_type=\"image.default\">\n\t\t\t\t<div class=\"elementor-widget-container\">\n\t\t\t\t\t\t\t\t\t\t\t\t\t\t\t<img decoding=\"async\" src=\"https:\/\/www.conalepags.edu.mx\/img_sitio\/cabeceras\/separador.gif\" title=\"\" alt=\"\" loading=\"lazy\" \/>\t\t\t\t\t\t\t\t\t\t\t\t\t\t\t<\/div>\n\t\t\t\t<\/div>\n\t\t\t\t<div class=\"elementor-element elementor-element-1af93cb elementor-widget elementor-widget-image\" data-id=\"1af93cb\" data-element_type=\"widget\" data-e-type=\"widget\" data-widget_type=\"image.default\">\n\t\t\t\t<div class=\"elementor-widget-container\">\n\t\t\t\t\t\t\t\t\t\t\t\t\t\t\t<img decoding=\"async\" src=\"https:\/\/www.conalepags.edu.mx\/img_sitio\/cabeceras\/encabezado_alumnos.png\" title=\"\" alt=\"\" loading=\"lazy\" \/>\t\t\t\t\t\t\t\t\t\t\t\t\t\t\t<\/div>\n\t\t\t\t<\/div>\n\t\t\t\t<div class=\"elementor-element elementor-element-7708b7d elementor-widget elementor-widget-text-editor\" data-id=\"7708b7d\" data-element_type=\"widget\" data-e-type=\"widget\" data-widget_type=\"text-editor.default\">\n\t\t\t\t<div class=\"elementor-widget-container\">\n\t\t\t\t\t\t\t\t\t<h2 style=\"text-align: justify;\"><strong>Alumnos<\/strong><\/h2><p style=\"text-align: justify;\">A los Alumnos del CONALEP se les proporciona una educaci\u00f3n profesional t\u00e9cnica y complementaria de calidad que les permite obtener las aptitudes necesarias para convertirse en ciudadanos responsables y capacitados para contribuir a la sociedad. Se les proporciona adem\u00e1s una formaci\u00f3n que los lleva a ser esp\u00edritus productivos y emprendedores; se hace \u00e9nfasis en las relaciones humanas y el trabajo en equipo que los conlleva a encontrar el entorno para compartir inquietudes y proyectos. El CONALEP cuenta con las herramientas, una moderna infraestructura y prestadores de servicios profesionales capacitados y actualizados, que en conjunto permiten proporcionar una formaci\u00f3n profesional t\u00e9cnica-bachiller de calidad coincidente tanto con necesidades nacionales como locales.<\/p>\t\t\t\t\t\t\t\t<\/div>\n\t\t\t\t<\/div>\n\t\t\t\t\t<\/div>\n\t\t\t\t<\/div>\n\t\t\t\t<\/div>\n\t\t","protected":false},"excerpt":{"rendered":"<p>Alumnos A los Alumnos del CONALEP se les proporciona una educaci\u00f3n profesional t\u00e9cnica y complementaria de calidad que les permite obtener las aptitudes necesarias para convertirse en ciudadanos responsables y capacitados para contribuir a la sociedad. Se les proporciona adem\u00e1s una formaci\u00f3n que los lleva a ser esp\u00edritus productivos y emprendedores; se hace \u00e9nfasis en [&hellip;]<\/p>\n","protected":false},"author":1,"featured_media":0,"parent":0,"menu_order":0,"comment_status":"closed","ping_status":"closed","template":"","meta":{"_uag_custom_page_level_css":"","footnotes":""},"class_list":["post-747","page","type-page","status-publish","hentry"],"uagb_featured_image_src":{"full":false,"thumbnail":false,"medium":false,"medium_large":false,"large":false,"1536x1536":false,"2048x2048":false},"uagb_author_info":{"display_name":"admin","author_link":"https:\/\/conalepags.edu.mx\/inicio\/index.php\/author\/admin_9j385v7b\/"},"uagb_comment_info":0,"uagb_excerpt":"Alumnos A los Alumnos del CONALEP se les proporciona una educaci\u00f3n profesional t\u00e9cnica y complementaria de calidad que les permite obtener las aptitudes necesarias para convertirse en ciudadanos responsables y capacitados para contribuir a la sociedad. Se les proporciona adem\u00e1s una formaci\u00f3n que los lleva a ser esp\u00edritus productivos y emprendedores; se hace \u00e9nfasis en&hellip;","_links":{"self":[{"href":"https:\/\/conalepags.edu.mx\/inicio\/index.php\/wp-json\/wp\/v2\/pages\/747","targetHints":{"allow":["GET"]}}],"collection":[{"href":"https:\/\/conalepags.edu.mx\/inicio\/index.php\/wp-json\/wp\/v2\/pages"}],"about":[{"href":"https:\/\/conalepags.edu.mx\/inicio\/index.php\/wp-json\/wp\/v2\/types\/page"}],"author":[{"embeddable":true,"href":"https:\/\/conalepags.edu.mx\/inicio\/index.php\/wp-json\/wp\/v2\/users\/1"}],"replies":[{"embeddable":true,"href":"https:\/\/conalepags.edu.mx\/inicio\/index.php\/wp-json\/wp\/v2\/comments?post=747"}],"version-history":[{"count":16,"href":"https:\/\/conalepags.edu.mx\/inicio\/index.php\/wp-json\/wp\/v2\/pages\/747\/revisions"}],"predecessor-version":[{"id":856,"href":"https:\/\/conalepags.edu.mx\/inicio\/index.php\/wp-json\/wp\/v2\/pages\/747\/revisions\/856"}],"wp:attachment":[{"href":"https:\/\/conalepags.edu.mx\/inicio\/index.php\/wp-json\/wp\/v2\/media?parent=747"}],"curies":[{"name":"wp","href":"https:\/\/api.w.org\/{rel}","templated":true}]}}